{"id":156,"date":"2020-01-23T11:49:39","date_gmt":"2020-01-23T11:49:39","guid":{"rendered":"https:\/\/jacoconstrucciones.es\/?page_id=156"},"modified":"2020-01-23T11:59:26","modified_gmt":"2020-01-23T11:59:26","slug":"sobre-nosotros","status":"publish","type":"page","link":"https:\/\/jacoconstrucciones.es\/?page_id=156","title":{"rendered":"Somos JACO Construcciones"},"content":{"rendered":"\n<div style=\"color:#ddd\" class=\"wp-block-atomic-blocks-ab-spacer ab-block-spacer ab-divider-solid ab-divider-size-1\"><hr style=\"height:30px\"\/><\/div>\n\n\n\n<div class=\"wp-block-image\"><figure class=\"aligncenter size-large\"><img loading=\"lazy\" decoding=\"async\" width=\"1024\" height=\"576\" src=\"https:\/\/jacoconstrucciones.es\/wp-content\/uploads\/2020\/01\/11143097_493062047520955_4000167674112120485_o-1024x576.jpg\" alt=\"\" class=\"wp-image-162\" srcset=\"https:\/\/jacoconstrucciones.es\/wp-content\/uploads\/2020\/01\/11143097_493062047520955_4000167674112120485_o-1024x576.jpg 1024w, https:\/\/jacoconstrucciones.es\/wp-content\/uploads\/2020\/01\/11143097_493062047520955_4000167674112120485_o-300x169.jpg 300w, https:\/\/jacoconstrucciones.es\/wp-content\/uploads\/2020\/01\/11143097_493062047520955_4000167674112120485_o-768x432.jpg 768w, https:\/\/jacoconstrucciones.es\/wp-content\/uploads\/2020\/01\/11143097_493062047520955_4000167674112120485_o-1536x864.jpg 1536w, https:\/\/jacoconstrucciones.es\/wp-content\/uploads\/2020\/01\/11143097_493062047520955_4000167674112120485_o.jpg 2048w\" sizes=\"auto, (max-width: 1024px) 100vw, 1024px\" \/><\/figure><\/div>\n\n\n\n<div style=\"color:#ddd\" class=\"wp-block-atomic-blocks-ab-spacer ab-block-spacer ab-divider-solid ab-divider-size-1\"><hr style=\"height:30px\"\/><\/div>\n\n\n\n<p> JACO Construcciones y Reformas&nbsp;es una empresa de Sevilla nacida en 1997 y que desarrolla su actividad en el sector de la construcci\u00f3n y la rehabilitaci\u00f3n de edificios y viviendas. Contamos con maquinaria de \u00faltima generaci\u00f3n&nbsp;que ponemos a disposici\u00f3n de nuestro clientes, entre los que se encuentran los principales fabricantes de ascensores a nivel nacional e internacional. <\/p>\n\n\n\n<p>Desarrollamos proyectos para la eliminaci\u00f3n de barreras arquitect\u00f3nicas&nbsp;en edificios de viviendas. En&nbsp;JACO Construcciones y Reformas&nbsp;damos preferencia a la calidad en el acabado de nuestros trabajos, para que nuestros clientes se muestren satisfecho. <\/p>\n\n\n\n<div style=\"color:#ddd\" class=\"wp-block-atomic-blocks-ab-spacer ab-block-spacer ab-divider-solid ab-divider-size-1\"><hr style=\"height:30px\"\/><\/div>\n\n\n\n<div style=\"text-align:center\" class=\"wp-block-atomic-blocks-ab-cta ab-block-cta\"><div class=\"ab-cta-content\"><h2 class=\"ab-cta-title ab-font-size-26\" style=\"color:#32373c\">\u00bfEstas buscando alg\u00fan servicio de los que ofrecemos?<\/h2><div class=\"ab-cta-text ab-font-size-32\" style=\"color:#32373c\"><p>Estaremos encantados de atenderte<\/p><\/div><\/div><div class=\"ab-cta-button\"><a href=\"\/contactar\" target=\"_self\" rel=\"noopener noreferrer\" class=\"ab-button ab-button-shape-rounded ab-button-size-medium\" style=\"color:#ffffff;background-color:#6601a1\">Contactar Ahora<\/a><\/div><\/div>\n","protected":false},"excerpt":{"rendered":"<p>JACO Construcciones y Reformas&nbsp;es una empresa de Sevilla nacida en 1997 y que desarrolla su actividad en el sector de la construcci\u00f3n y la rehabilitaci\u00f3n de edificios y viviendas. Contamos con maquinaria de \u00faltima generaci\u00f3n&nbsp;que ponemos a disposici\u00f3n de nuestro clientes, entre los que se encuentran los principales fabricantes de ascensores a nivel nacional e [&hellip;]<\/p>\n","protected":false},"author":1,"featured_media":0,"parent":0,"menu_order":0,"comment_status":"closed","ping_status":"closed","template":"","meta":{"_genesis_hide_title":false,"_genesis_hide_breadcrumbs":false,"_genesis_hide_singular_image":false,"_genesis_hide_footer_widgets":false,"_genesis_custom_body_class":"jaco-custom","_genesis_custom_post_class":"","_genesis_layout":"","footnotes":""},"class_list":{"0":"post-156","1":"page","2":"type-page","3":"status-publish","5":"entry"},"featured_image_src":null,"featured_image_src_square":null,"_links":{"self":[{"href":"https:\/\/jacoconstrucciones.es\/index.php?rest_route=\/wp\/v2\/pages\/156","targetHints":{"allow":["GET"]}}],"collection":[{"href":"https:\/\/jacoconstrucciones.es\/index.php?rest_route=\/wp\/v2\/pages"}],"about":[{"href":"https:\/\/jacoconstrucciones.es\/index.php?rest_route=\/wp\/v2\/types\/page"}],"author":[{"embeddable":true,"href":"https:\/\/jacoconstrucciones.es\/index.php?rest_route=\/wp\/v2\/users\/1"}],"replies":[{"embeddable":true,"href":"https:\/\/jacoconstrucciones.es\/index.php?rest_route=%2Fwp%2Fv2%2Fcomments&post=156"}],"version-history":[{"count":13,"href":"https:\/\/jacoconstrucciones.es\/index.php?rest_route=\/wp\/v2\/pages\/156\/revisions"}],"predecessor-version":[{"id":177,"href":"https:\/\/jacoconstrucciones.es\/index.php?rest_route=\/wp\/v2\/pages\/156\/revisions\/177"}],"wp:attachment":[{"href":"https:\/\/jacoconstrucciones.es\/index.php?rest_route=%2Fwp%2Fv2%2Fmedia&parent=156"}],"curies":[{"name":"wp","href":"https:\/\/api.w.org\/{rel}","templated":true}]}}